(-12).
-48
Let k(i) = -2*i**2 + 635*i - 15955. Calculate k(290).
-5
Let y(g) = -42*g - 1237. What is y(-47)?
737
Let q(z) = z**3 - 104*z**2 - 1007*z - 524. Calculate q(113).
606
Let l(i) = -3547*i - 329828. Calculate l(-93).
43
Let p(w) = -11*w**2 - 255*w + 805. What is p(-26)?
-1
Let z(w) = -13060*w + 155486. Calculate z(12).
-1234
Let c(m) = -1073*m - 23591. Give c(-22).
15
Let b(h) = 614*h - 6127. What is b(9)?
-601
Let j(q) = -5*q**3 - 450*q**2 + 324*q - 11914. Determine j(-91).
7
Let x(q) = -q**3 - 123*q**2 + 241*q - 1471. Calculate x(-125).
-346
Let w(j) = -130*j - 18566. What is w(-142)?
-106
Let f(u) = u**3 + 428*u**2 - 12751*u + 7775. What is f(-456)?
23
Let d(c) = -1821*c - 475336. Calculate d(-261).
-55
Let p(o) = -13*o**2 + 55*o - 263. Give p(5).
-313
Let l(f) = 6*f**3 - 156*f**2 - 161*f - 17. What is l(27)?
10
Let n(v) = v**3 - 41*v**2 + 194*v + 981. Give n(34).
-515
Let q(y) = -219*y**2 - 5924*y - 259. What is q(-27)?
38
Let i(o) = 1096*o - 79891. Calculate i(73).
117
Let b(k) = -484*k - 4541. Determine b(-9).
-185
Let r(w) = 2*w**3 + 70*w**2 - 177*w + 1952. Determine r(-38).
14
Let s(n) = 8585*n + 55577. Calculate s(-6).
4067
Let b(c) = -c**3 + 29*c**2 + 152*c + 603. Give b(34).
-9
Let h(q) = -2901*q + 55078. Give h(19).
-41
Let s(j) = 73*j**2 - 881*j - 889. Determine s(13).
-5
Let x(g) = 2*g**3 - 43*g**2 - 861*g - 41. Determine x(34).
-415
Let s(d) = -d**3 + 22*d**2 + 1889*d - 7832. Determine s(4).
12
Let v(g) = 254118*g - 1016477. Determine v(4).
-5
Let u(k) = 4*k**2 - 82*k - 214. Determine u(35).
1816
Let j(o) = -5477*o + 169937. Determine j(31).
150
Let b(d) = d**3 - 38*d**2 + 161*d + 173. Calculate b(33).
41
Let j(n) = -n**3 + 286*n**2 - 4011*n - 14628. Give j(271).
6
Let s(b) = 10814*b + 259536. Give s(-24).
0
Let m(t) = 12348*t + 111127. What is m(-9)?
-5
Let h(k) = 11*k**2 + 4561*k - 46527. Calculate h(10).
183
Let k(i) = 7*i**3 + 1758*i**2 + 254*i - 1231. Determine k(-251).
-1984
Let s(p) = p**2 + 58*p - 4312. Calculate s(41).
-253
Let q(s) = -99*s**2 - 696*s + 1749. Determine q(-9).
-6
Let y(b) = -523678*b + 5236787. What is y(10)?
7
Let s(m) = 54*m**3 - 381*m**2 + 176*m - 1079. Calculate s(7).
6
Let z(f) = -214*f**2 + 2541*f + 7612. Give z(-3).
-1937
Let z(y) = -y**2 - 9520*y - 15242859. Calculate z(-2037).
12
Let w(d) = 5*d**3 - 367*d**2 - 958*d - 2296. Calculate w(76).
-16
Let c(z) = z**2 - 39241*z - 78493. Calculate c(-2).
-7
Let r(m) = 3*m**3 + 1974*m**2 + m + 664. Give r(-658).
6
Let d(m) = -m**3 + 43*m**2 - 59*m + 735. Give d(42).
21
Let u(h) = -2*h**3 - 45*h**2 - 490*h - 4494. Give u(-16).
18
Let k(n) = 41*n + 3030. Give k(-88).
-578
Let w(l) = 3*l**3 - 143*l**2 - 786*l + 6. What is w(-5)?
-14
Let v(x) = -2*x**3 - 24*x**2 + 13*x + 59. Give v(-12).
-97
Let x(d) = -24*d**2 + 127*d - 112. What is x(2)?
46
Let v(r) = 2*r**3 + 24*r**2 + 83*r + 51. Determine v(-5).
-14
Let k(l) = -l**3 + 1796*l**2 + 36364*l + 881. Determine k(-20).
1
Let u(s) = -s**3 - 160*s**2 - 6151*s - 611. What is u(-96)?
61
Let l(r) = -4*r**3 + 14*r**2 + 311*r - 1005. Calculate l(3).
-54
Let j(b) = -95*b + 10820. Determine j(111).
275
Let i(r) = 134*r - 5225. Give i(56).
2279
Let m(c) = -33*c**2 - 11*c + 170. Calculate m(-7).
-1370
Let m(i) = -i**3 + 25*i**2 + 54*i - 66. Give m(27).
-66
Let p(j) = j**3 + 43*j**2 + 221*j + 19311. Give p(-47).
88
Let z(h) = -5013*h - 8010782. Determine z(-1598).
-8
Let r(o) = 1987*o + 215951. Calculate r(-109).
-632
Let u(m) = 67220*m + 537620. Determine u(-8).
-140
Let a(b) = -168*b**2 - 4211*b + 437. Give a(-25).
712
Let m(x) = 7416*x - 3374276. Give m(455).
4
Let l(z) = 3*z**3 - 455*z**2 - 611*z + 52. Give l(153).
205
Let p(d) = -2*d**3 - 49*d**2 + 211*d - 11. Give p(5).
-431
Let d(p) = -652*p + 5490. Calculate d(8).
274
Let u(r) = 2*r**3 - 215*r**2 + 5664*r - 368. Calculate u(46).
-92
Let r(j) = -3*j**3 - 62*j**2 + 180*j + 1625. What is r(6)?
-175
Let q(x) = 6307*x - 346850. Calculate q(55).
35
Let o(c) = -73*c + 6138. Calculate o(80).
298
Let g(r) = -7*r**2 + 8344*r - 58066. Determine g(1185).
-1
Let c(s) = -s**3 + 26*s**2 + 3*s - 627. What is c(24)?
597
Let k(g) = g**3 - 10*g**2 - 9*g + 131. Calculate k(11).
153
Let x(j) = -3*j**2 + 131*j - 2044. Determine x(17).
-684
Let f(o) = 83*o**3 - 6392*o**2 + 69*o + 623. Give f(77).
7
Let v(w) = -14*w**3 + 543*w**2 + 123*w - 244. What is v(39)?
-10
Let i(a) = -a**2 + 98*a - 3922. Give i(114).
-5746
Let r(v) = -v**3 + 13*v**2 - 36*v + 1799. What is r(17)?
31
Let y(q) = -q**3 - 17*q**2 + 947*q + 13827. Determine y(-14).
-19
Let w(g) = -478*g + 7416. What is w(15)?
246
Let i(r) = -2*r**2 - 679*r - 54622. Calculate i(-128).
-478
Let c(p) = -p**2 - 145*p + 23812. Calculate c(-244).
-344
Let s(o) = 1613*o - 746818. Calculate s(463).
1
Let b(f) = -f**3 - 16*f**2 + 50*f + 288. Determine b(-13).
-869
Let h(l) = l**3 - 17*l**2 + 15*l + 173. Give h(17).
428
Let q(l) = -l**2 + 1932*l + 131729. What is q(-66)?
-139
Let t(m) = 20*m**3 - 6*m**2 - 186*m + 385. What is t(2)?
149
Let f(s) = -1982*s + 5888. What is f(3)?
-58
Let d(m) = -m**3 + 33*m**2 + 94*m + 249. Calculate d(36).
-255
Let f(y) = -2*y**3 + 94*y**2 + 1043*y + 5532. Determine f(57).
3
Let n(z) = 603*z + 138129. Determine n(-229).
42
Let z(j) = 7760*j + 109168. Calculate z(-14).
528
Let b(n) = 50*n**2 - 9600*n - 124. Give b(192).
-124
Let d(j) = -6*j**2 + 85*j - 245. What is d(5)?
30
Let a(z) = 163441*z + 17651637. Determine a(-108).
9
Let n(z) = 3897*z + 7828. Give n(-2).
34
Let d(q) = 74*q**2 - 6218*q + 172. Calculate d(84).
4
Let a(z) = 969*z - 29952. Calculate a(29).
-1851
Let n(w) = 16*w**2 - 72*w - 307. Give n(-4).
237
Let s(y) = 2*y**2 + 136389*y + 545546. Calculate s(-4).
22
Let j(h) = 5572*h - 1103246. Give j(198).
10
Let t(b) = 876*b + 103329. Give t(-118).
-39
Let t(g) = 27*g**2 - 25426*g - 32953. Determine t(943).
52
Let x(u) = 665*u + 34435. Give x(-52).
-145
Let q(s) = 15*s**2 + 1107*s + 655. Determine q(-73).
-221
Let o(m) = 5866*m + 40966. Give o(-7).
-96
Let v(r) = 40*r**2 - 5473*r - 337992. Determine v(183).
9
Let l(o) = o**3 + 8*o**2 - 217*o + 677. Calculate l(4).
1
Let o(z) = -14*z**3 + 19*z**2 + 110*z + 181. Determine o(-2).
149
Let m(t) = -64*t**2 - 5776*t - 124999. What is m(-36)?
-7
Let i(p) = 5*p**2 + 878*p - 3492. What is i(4)?
100
Let k(w) = -2*w**3 + 588*w**2 - 4*w + 1189. What is k(294)?
13
Let n(t) = 6*t**2 - 2523*t + 203206. Calculate n(312).
94
Let i(s) = -208*s - 244188. What is i(-1174)?
4
Let a(o) = 229222*o - 17879312. What is a(78)?
4
Let k(g) = 2*g**2 - 10*g - 1348. What is k(23)?
-520
Let b(g) = g**2 + 24564*g + 245527. What is b(-10)?
-13
Let z(l) = -7*l**2 - 35418*l - 1614422. Determine z(-46).
-6
Let t(q) = -q**3 - 7*q**2 - 282*q - 1357. What is t(-5)?
3
Let d(l) = 45*l + 1339. Calculate d(-21).
394
Let a(h) = 8*h**2 - 8206*h - 51601. What is a(1032)?
-1
Let c(d) = 5394269*d + 21577080. Calculate c(-4).
4
Let h(w) = 1038*w**2 + 156*w + 152. Give h(-1).
1034
Let l(j) = -89*j**2 + 5903*j - 13248. What is l(64)?
0
Let h(n) = 12*n**3 + 108*n**2 + 6982*n + 62826. Determine h(-9).
-12
Let k(x) = 2*x**2 + 4574*x + 22822. Give k(-5).
2
Let w(a) = 25829*a + 154939. Determine w(-6).
-35
Let g(h) = 4835*h + 58020. Determine g(-12).
0
Let v(a) = 53*a**2 + 1046*a + 2085. Give v(-2).
205
Let p(i) = -i**3 + 232*i**2 - 7299*i + 3107. Calculate p(37).
-1
Let n(t) = 5*t**3 - 2278*t**2 + 8099*t + 16732. Calculate n(452).
8
Let o(i) = 3*i**3 + 22*i**2 - 80*i - 82. Calculate o(-7).
527
Let t(b) = -12518*b + 325406. Determine t(26).
-62
Let v(d) = -531*d**2 - 3258*d - 421. Give v(-6).
11
Let f(m) = -2*m**2 + 7230*m - 36138. Calculate f(5).
-38
Let k(n) = 6*n**2 + 5308917*n + 10617831. Determine k(-2).
21
Let h(u) = u**2 + 132*u + 1762. Determine h(-25).
-913
Let n(p) = -p**2 + 1532445*p + 45974250. What is n(-30)?
0
Let r(a) = -189*a**2 - 27219*a - 439. Give r(-144).
-7
Let u(d) = -45973*d**2 - 183865*d + 10. Calculate u(-4).
-98
Let n(s) = -4*s**3 - 1652*s**2 - 6545*s - 404. Give n(-409).
5
Let j(n) = 3*n**2 - 426*n + 2105. Give j(5).
50
Let u(a) = -12*a**3 + 5*a**2 - 3*a - 33. What is u(-3)?
345
Let s(i) = 656834*i + 4597845. Calculate s(-7).
7
Let y(t) = -76*t - 5938. Calculate y(-71).
-542
Let q(u) = -22*u**2 - 1630*u + 7068. Give q(-78).
360
Let a(g) = g**3 - 136*g**2 + 2845*g + 279. Calcula